z be p(h). Let v(d) = 7*d**3 - d**2 + 1. List the prime factors of v(z).
7
Suppose -3*d + 78 = -66. Let j = d - 20. What are the prime factors of j?
2, 7
Let w = -1 - -1. Suppose u + w*u = 1. Suppose i - 4*m - u = 0, 0*m + 4*m = -4*i + 44. List the prime factors of i.
3
Let u = 286 - 201. List the prime factors of u.
5, 17
Let s(w) be the third derivative of w**6/120 - w**4/24 - w**3/3 - 3*w**2. List the prime factors of s(2).
2
Suppose 4*r + 2 = 5*r. Suppose -3 = r*n - n. What are the prime factors of n*2*(-1)/3?
2
Suppose -v + 13 = 4*m, 2*v - 4*m - 59 = -m. List the prime factors of v.
5
Suppose -5*d = 2*l - 33, 7 - 20 = -2*l - d. What are the prime factors of l?
2
Suppose -2*c + 0 = -4. Let p(u) = 8*u - 1. List the prime factors of p(c).
3, 5
Let n = 0 + 3. Suppose 7*p = n*p + 16. What are the prime factors of p?
2
Let a be (6/(-4))/(6/(-12)). Suppose 2*w + 15 = 3*w - 5*o, w = a*o + 15. What are the prime factors of w?
3, 5
Let q(j) = 3*j**2 - j. Let t be q(2). Let w be 14/t - (-2)/(-5). Let y(p) = 10*p**3 + p**2 + p - 1. What are the prime factors of y(w)?
11
Suppose 86 = 2*v + 2*v + x, -2*v - 4*x = -50. Suppose -4*g + v = -107. Let a = 50 - g. What are the prime factors of a?
2, 3
Let o = 35 - -18. What are the prime factors of o?
53
Let b(y) = -18*y + 3. Let d be b(-1). Let w be ((-26)/8)/(2/(-8)). Let i = d - w. What are the prime factors of i?
2
List the prime factors of (0 + 2*3)/((-7)/(-77)).
2, 3, 11
Let k(n) = 3*n + n + 2 + 4 - n**2 - 3*n. Let u be k(0). Suppose 0*w - 16 = -r + w, -r = w - u. List the prime factors of r.
11
Let u = -6 - -2. Let k = u - -6. Let s = k - 0. What are the prime factors of s?
2
Let l(z) be the second derivative of 5*z**3/6 - 2*z**2 + 2*z. Let b(v) = 4*v - 4. Let f(y) = 3*b(y) - 2*l(y). What are the prime factors of f(10)?
2
Let d(g) = -55*g**3 - 4*g**2 - 4*g. List the prime factors of d(-2).
2, 3
Let x(q) be the first derivative of q**2 - 7*q - 1. What are the prime factors of x(6)?
5
Let n(t) = -t**2 - 6*t + 4. Let q be n(-6). Suppose -d = q*d + 130. What are the prime factors of 2/(-4) + d/(-4)?
2, 3
Let a be 4/(-14) - (-2)/7. Let r be 1*(-2 + (1 - a)). List the prime factors of (r + 3)*(-24)/(-3).
2
Let n = 34 + -21. Suppose -2*g - n + 1 = 0. List the prime factors of ((-70)/(-4))/(-7)*g.
3, 5
Let i = 8 + -4. Let k(o) = -3*o + 3*o**2 - 5 - 6*o**2 + i*o**2. List the prime factors of k(6).
13
Let r(s) = -s**3 - s**2 - 3*s - 1. What are the prime factors of r(-3)?
2, 13
Let m = 4 + -9. Let x be 2*1 + 10/m. Suppose x = -3*g - v + 2*v + 23, -5*g - 3*v = -15. What are the prime factors of g?
2, 3
Let t be (-46)/(-10) - (-2)/5. Suppose 2*o + 15 = -2*i - i, i = 2*o - t. Let f(g) = g**2 + 2*g - 5. What are the prime factors of f(i)?
2, 5
Let r(v) be the first derivative of v**3/3 + 3*v**2/2 - v - 3. List the prime factors of r(-4).
3
List the prime factors of 1/(120/116 - 1).
29
List the prime factors of 2 + 1 - (24*17)/(-2).
3, 23
Suppose 4*g - 20 = -4*w, 2*w + 19 = 4*w + 5*g. Suppose -4*s + 4 = -w*s. Suppose s*h + 3 = 17. List the prime factors of h.
7
Let r(u) = -u - 4. Let j be r(10). Let h = j + 24. List the prime factors of h.
2, 5
Let i be (-1)/((-3)/12*2). Let t = 17 + i. What are the prime factors of t?
19
Suppose -x = 3*c - 98, 2*x - 6*x - 50 = -c. What are the prime factors of c?
2, 17
Suppose 451 = 4*a + 147. List the prime factors of a.
2, 19
What are the prime factors of 2*(-2 - 154/(-4))?
73
Let y be (-57)/12 + 2/(-8). Let d(p) = p**2 + p + 4. Let u be d(y). Suppose 4*o = -0*o + u. What are the prime factors of o?
2, 3
Let k be (-4 + 0)*2/(-2). Suppose -3*z - k*n + 23 = 0, -6*z + 26 = -2*z + 3*n. Let u(f) = 2*f. What are the prime factors of u(z)?
2, 5
Suppose 2*h = 3*h - 2. Suppose h*t - y - 22 = 0, 0*t = -t - y + 11. What are the prime factors of t?
11
Suppose 3*r = 7*r - 124. Let q(n) = n**2 - 9*n + 1. Let s be q(10). Let o = r - s. List the prime factors of o.
2, 5
Let h(o) = -2*o + 1. Let r be h(-1). Suppose -k = r*k - 28. List the prime factors of k.
7
Let q(p) = p**3 + 5*p**2 - 6*p + 4. Suppose -4*w - 5 = 3, 0 = -3*o - 3*w - 246. Let i be o/14 + (-2)/7. List the prime factors of q(i).
2
Let n(r) = -r**3 + 5*r**2 + 2*r - 1. Let s be n(5). Let q = s - 10. What are the prime factors of -8*(2 + q)*-1?
2
Let w be (-10)/(-45) - 1094/(-18). Suppose 0 = -5*c - 3*j - j + 142, 0 = -2*c - 3*j + w. List the prime factors of c.
2, 13
Suppose 5 = 5*x - 20. Suppose 5*u + 15 = x*v + 50, v - 53 = -5*u. Suppose 2*y = -4, -f - 4*y + u = 1. List the prime factors of f.
17
Let i be 9/(-7) + 6/21. Let v be 9 + (0 - -3)*i. List the prime factors of v/(-15) + (-62)/(-5).
2, 3
Suppose -121*h = -124*h + 465. List the prime factors of h.
5, 31
List the prime factors of (2 - (-68)/4) + 1.
2, 5
Let p be ((-2)/4)/(5/(-10)). List the prime factors of 6 - (0 + -1 - p).
2
Suppose 4*i + 4*r - 269 = -53, -3*i - 4*r = -166. What are the prime factors of i?
2, 5
Suppose 5*p - 16 = -2*h, 4*p - 3*h + 8*h - 6 = 0. Let t = 4 - p. Suppose t*r - 15 = -5*r. What are the prime factors of r?
3
Suppose -28 = -4*r - 10*s + 5*s, 0 = 4*r - 3*s - 28. What are the prime factors of r?
7
Suppose -5 = -2*n + 5. Suppose 0 = -4*t - n*o + 29, 3*t + 2*o + o - 21 = 0. List the prime factors of t.
2, 3
Let q = -45 + 30. Let s be 1 - 1 - (-1 - -7). Let k = s - q. List the prime factors of k.
3
Let b = 47 + 16. Let f be (-3 - (b + 3)) + 2. Let y = -48 - f. List the prime factors of y.
19
Let g be 4/(-6) + (-122)/(-3). Let j(s) = s**3 + 7*s**2 + 5*s - 6. Let u be j(-6). Suppose u*o = -5*o + g. List the prime factors of o.
2
Let a(x) = x + 16. Let u be a(-10). Let s(c) = -2*c + 3*c + 0 - 4. List the prime factors of s(u).
2
Suppose -r - 2*n + 18 = 3*r, 3*n = r - 8. Suppose 5*g - r = -2*m, 2*m + 5*g - 8 = g. What are the prime factors of m?
2, 5
Let o = 14 - 25. Suppose -32 = 3*m - 11. Let r = m - o. List the prime factors of r.
2
Suppose 8*o = -28 + 100. What are the prime factors of o?
3
Let p = 1 + 3. Suppose 0 = p*u + u - 235. What are the prime factors of u?
47
Let n(y) = 9*y**3 - y**2 + 2*y + 1. Let d(c) = 5*c**3 + c. Let p(v) = -7*d(v) + 4*n(v). Let r = 0 + 4. What are the prime factors of p(r)?
2
Let i = 3 - 0. Suppose 8 = 4*k + 4*s, i*s = 5*k + 17 + 5. List the prime factors of (k - (-4)/6)*-6.
2
Let k be (-96)/(-9)*9/6. Let b = 5 + -3. Suppose k = b*q - 0*q. What are the prime factors of q?
2
Suppose 2*v - 156 = -24. Suppose -5*q + 242 = 4*r + v, -3*q - r + 100 = 0. List the prime factors of q.
2
Let o = 342 + -132. List the prime factors of o.
2, 3, 5, 7
Suppose -6*n = 8 - 830. What are the prime factors of n?
137
Let s = -258 - -493. List the prime factors of s.
5, 47
Let m = 103 + -62. Suppose 62 = -4*q + k, -4*q - 9 - m = 5*k. Let a = q - -25. What are the prime factors of a?
2, 5
Suppose 3*h = -0*h + 120. What are the prime factors of h?
2, 5
Let i = 19 + 0. Suppose i = 5*g - 2*n, -g - 3 + 0 = 3*n. Suppose -41 - g = -4*h. What are the prime factors of h?
11
Let q(u) = -4*u - 7. Let g be q(-5). List the prime factors of g/52 + 63/4.
2
Let x = 80 - 0. Suppose 0*k = -4*k + x. What are the prime factors of k?
2, 5
Suppose 0 = 3*l + 4*k - 431, 2*l = 4*l + 2*k - 286. Suppose l - 11 = 5*x. List the prime factors of x.
2, 13
Suppose 1498 = 5*p + y, -4*p + y + 1199 = 2*y. What are the prime factors of p?
13, 23
Let k be 0*2/(0 + -2). Suppose k = -5*h + 72 + 13. What are the prime factors of h?
17
Let o = 1 + -12. Let g be (-3)/12 - 97/(-4). Let j = o + g. What are the prime factors of j?
13
Let w(b) = -48*b + 1. Let s(d) = -16*d. Let u(c) = -8*s(c) + 3*w(c). What are the prime factors of u(-2)?
5, 7
List the prime factors of (48/(-14))/(12/(-126)).
2, 3
Suppose -4*l + 356 = 5*h, h = l - 2*l + 72. What are the prime factors of h?
2, 17
Let x be (-1)/(-1*1/14). Let o be (-1 - (1 - 4)) + -2. Suppose -2*v + o*v + x = 0. What are the prime factors of v?
7
Suppose -12*w = -2230 - 2210. List the prime factors of w.
2, 5, 37
Let o = -1 + 0. List the prime factors of 2/o*21/(-2).
3, 7
Suppose 0 = 3*k - 3*u - 88 - 86, 4*u = 5*k - 290. Let m = k + -28. Suppose 5*f - m = 2*f. What are the prime factors of f?
2, 5
Suppose -u + 200 = 4*g, g + u = -2*g + 149. List the prime factors of g.
3, 17
Suppose -3*v = 2*v - 25. Suppose v*m - 49 = 3*g + 11, -4*g = -20